et g = a - 60. Calculate the greatest common divisor of g and 14.
7
Let r(k) = -k**3 - 4*k**2 - 82*k + 12. Let w be r(-8). What is the greatest common factor of 12 and w?
12
Let d(s) = -1355*s - 1049. Let f be d(-1). What is the greatest common divisor of f and 2?
2
Let q = 66 + -59. Suppose -q*a = -3*a - 12. Suppose -a*s + 92 = -7. What is the greatest common factor of 3 and s?
3
Let c(w) = 2*w + 7. Let l be c(7). Let x = -16 + l. Suppose x*s = 3*s + 58. What is the greatest common divisor of s and 232?
29
Suppose -29*p = 29*p + 24*p - 482570. Calculate the greatest common factor of p and 214.
107
Let s = -106 - -370. Suppose -f + 66 = -2*k, -4*f - 5*k + 0 = -s. Suppose 5*b - f = i, -4*i = -b - i + 16. What is the highest common factor of 117 and b?
13
Let t = 8608 - 41. What is the highest common factor of t and 13?
13
Suppose 3*r - 2*j - 211 = 376, -5*j = r - 190. Let y = -96 + r. Calculate the highest common factor of y and 9.
9
Let f = -12 - -40. Suppose 0 = 9*k - 3*k. Suppose -5*y - 9*r + 8*r + 108 = k, -y = 2*r - 27. Calculate the greatest common divisor of y and f.
7
Let z be (-8*45/(-24))/((-1)/(-49)). Calculate the greatest common divisor of z and 2415.
105
Let v be 156081/81 - ((-2176)/216 + 10). What is the greatest common factor of 41 and v?
41
Let t be -11 + -11 + -1 + 32. What is the highest common factor of 4518 and t?
9
Suppose 12*p - 180 = 17*p. Suppose -3*n - 2 = 1. Let f be n - 280/p - 2/(-9). What is the greatest common factor of 1 and f?
1
Let w = -2173 + 2981. Let m(n) = n**2 - 8*n + 15. Let v be m(7). Calculate the greatest common factor of w and v.
8
Suppose 0 = -b + 4*b + 4*u - 585, 2*u = 4*b - 780. Let x be (-12)/((24/5)/(-6)). What is the highest common divisor of x and b?
15
Suppose 4*k + 316 = -2*m, -622 = 2*m + 2*m - 2*k. Let y = m - -183. Calculate the highest common factor of y and 3.
3
Let p(n) = 797*n - 1985. Let q be p(21). Calculate the highest common factor of 32 and q.
32
Let t = 1766 - 1718. Calculate the highest common divisor of 6768 and t.
48
Let k(o) = 20*o - 3229 + 3072 + 13*o. Let l be k(6). Calculate the greatest common divisor of l and 82.
41
Suppose -4*c = -8 - 4, -v = -c - 82. What is the highest common factor of v and 1105?
85
Let l(g) = 8*g**2 - 5*g + 61. Let y(o) = -2*o**2 + o - 15. Let u(m) = -2*l(m) - 9*y(m). Let w be u(-3). Calculate the greatest common divisor of w and 224.
28
Suppose -o - t + 2 = 0, -5*t + 2 = 3*o - 14. Let z be 2 - (-10)/(-2) - (o + -3). Calculate the highest common divisor of z and 3.
3
Suppose 0 = 3*l - 4*p - 43, 18*p - 23 = -2*l + 15*p. What is the highest common factor of 4212 and l?
13
Let q = 32 - 28. Suppose -3 = q*j - 7. Let r be j + 3 - (-8 - 0). Calculate the greatest common factor of 4 and r.
4
Let m = 6 + -59. Let a = m + 55. Suppose a*v = v + 3. Calculate the greatest common factor of 15 and v.
3
Suppose 286*g = 164*g - 140622 + 605564. What is the highest common factor of g and 1133?
103
Let r(q) = 4*q + 6*q**2 - 13*q + 51 - 4*q + 8*q**2 - 11*q**2. Let m be r(10). What is the greatest common factor of m and 26?
13
Let l = -173 + 229. Suppose -4*p + 64 = -l. What is the greatest common divisor of p and 6?
6
Let r(n) = -n**2 - 25*n - 14. Let z(h) = h**3 - 16*h**2 + 27*h - 9. Let g be z(14). Let p be r(g). What is the highest common divisor of p and 16?
16
Suppose 104 = 2*u + 191*q - 187*q, 4*u + 4*q - 200 = 0. What is the greatest common factor of 1788 and u?
12
Let z be 3/2 + 7 + 6/(-12). Let r be (z*(-5)/50)/((-4)/(-10)). Let c(p) = 4*p**2 - 8*p - 2. Let k be c(r). Calculate the greatest common divisor of 210 and k.
30
Let n be -3*18/729*-3 - 7718/(-18). What is the highest common factor of 275 and n?
11
Suppose 5652*p + 2430 = 5658*p. Calculate the highest common factor of 891 and p.
81
Suppose -5*x + 442 = -2*p, 2*x - 179 - 13 = -3*p. Calculate the highest common factor of x and 24930.
90
Let i be 4/(-3)*(118 - (-1 - -11)). Let v be -6*4/i + (-11695)/(-30). Calculate the greatest common divisor of v and 156.
78
Let c be 51/(-238)*-7*108. What is the highest common factor of 3 and c?
3
Suppose 4*a - 4*h + 12 = 0, 10 = -3*a + h + h. Let y be (-299)/a - 4/(-16)*1. Let f = y - 53. Calculate the greatest common divisor of 2 and f.
2
Let m(q) = -q**3 - 13*q**2 + 30*q + 3. Let x be m(-15). Suppose x - 3 = -8*z. Suppose 2*v - 28 + 6 = z. What is the highest common divisor of v and 88?
11
Let j(c) = 138*c**2 + 2. Let l(p) = 2*p**2 - 23*p - 13. Let q be l(12). Let t be j(q). Calculate the greatest common factor of 35 and t.
35
Suppose -2*m + 77 + 38 = 5*n, 0 = 2*m - 2*n - 122. Calculate the highest common divisor of 44 and m.
4
Suppose -5*u - 320 = 2*v - 3*v, 3*u - v = -194. Let p be (2 - u)/1*4/10. What is the greatest common divisor of 143 and p?
13
Let x be (-22)/12 - (-2)/(-12). Let m = x + 23. Let c be (-6)/m + 1800/28. Calculate the greatest common divisor of c and 8.
8
Let x = 14 + 300. Suppose -x = -3*c + 34. What is the greatest common factor of 145 and c?
29
Let t(y) = y**3 - 72*y**2 - 35*y - 110. Let k be t(73). Calculate the highest common divisor of k and 432.
72
Let f(y) = -y**3 + 18*y**2 + y - 33. Let h be f(18). Let a(q) = 4*q + 66. Let o be a(h). Calculate the greatest common divisor of o and 198.
6
Suppose m - 7*m + 72 = 0. Suppose -740 = -m*a + 556. Suppose 5*o - a = 57. Calculate the highest common divisor of o and 99.
33
Suppose 0 = -41*r + 103*r - 217*r + 9145. Calculate the greatest common factor of r and 12626.
59
Suppose 10*x = -234 + 444. Let h = -68 + 83. What is the highest common factor of h and x?
3
Let n = -696 - -314. Let l = 439 + n. Calculate the greatest common factor of l and 209.
19
Let y be (1674/21)/(-1) - (-4)/(-14). Let m = y - -114. What is the greatest common factor of m and 221?
17
Let h = -1060 + 478. Let c = h - -618. Calculate the highest common divisor of 24 and c.
12
Suppose -83*n - 161 = -84*n. Let c = n + -149. Suppose -5*s = -3*s - 96. What is the highest common factor of c and s?
12
Let z = -25977 - -26033. What is the highest common factor of 1208 and z?
8
Suppose 0 = 2*f + 3 + 5. Let u be f + -1 + 4 - -34. Let c(v) = -v**3 + 3*v**2 + 2*v - 3. Let a be c(3). What is the highest common factor of u and a?
3
Suppose 9*j = 3107 - 2999. What is the greatest common factor of 1056 and j?
12
Suppose 0 = -3*n - 3*v + 51, -n - 92 = -5*n + 4*v. Let q(m) = 14 - 3*m + 8 - 7. Let r be q(-5). Calculate the highest common factor of r and n.
10
Suppose 18*k = 16*k + t + 692, 0 = t + 4. What is the highest common divisor of k and 774?
86
Let v(k) = k**3 + 8*k**2 - 34*k - 20. Let h be v(-11). Let g be -1 - (-17 - h) - -2. Calculate the greatest common divisor of 2 and g.
1
Suppose 29*s - 42*s = -780. Let d be 0 + (2 - 3) + -2. Let o be 179 + (-1)/(-4 - d). What is the greatest common factor of o and s?
60
Let z(h) = -h**2 + 5*h + 16. Let q = -53 + 113. Suppose -55*l = -q*l. Let k be z(l). What is the highest common factor of k and 8?
8
Let s be (-8717 - 22)*3/(-27). Let v = -1497 - -856. Let t = s + v. Calculate the highest common factor of 30 and t.
30
Let o be (-2 + (-4 - -8) - 7)/(-1). Suppose 5*v - j - 44 = 0, -6*v + 7*v = 4*j + o. Calculate the greatest common factor of 24 and v.
3
Let r = 36326 + -36198. Calculate the highest common divisor of 1024 and r.
128
Suppose -55*c - 306*c = -14307 + 6004. Suppose -5*x - 10 = -10*x. Calculate the highest common factor of c and x.
1
Suppose 78*p = -2*v + 75*p + 278, 5*v + 4*p - 744 = 0. Let y(f) = -44*f - 4. Let o be y(-3). What is the highest common divisor of v and o?
32
Let r = 8296 + -8179. Suppose -4*x + 36 = -f, -x = f - 6*f + 10. Let h = x + 3. What is the highest common divisor of h and r?
13
Let c be 11718/124*(3 - -3). What is the highest common divisor of 63 and c?
63
Let y be 14/(-63) - (-326)/9. Suppose -2*x + 4*x - 22 = 0. Let w = x + 43. What is the greatest common factor of w and y?
18
Let n be -118*22/(924/(-273)). Calculate the highest common divisor of n and 1239.
59
Let a(i) = -2*i**2 - 156*i - 452. Let b be a(-74). Calculate the greatest common divisor of b and 728.
28
Let f = -116 - -75. Let y = 75 + f. What is the greatest common factor of 170 and y?
34
Let p(w) = 481*w - 20674. Let q be p(43). Let s be 16 + (1/(-1) - 0). Calculate the highest common fact